Suppose -3*j - 9 = 0, 2*v - 12059 = -3*j + 3414. Is v composite?
False
Suppose 6*g - 2*g - 16564 = 0. Suppose 3*p - g = m, 5*m = -0*m - 20. Is p a composite number?
True
Suppose -18*n = 17*n - 11165. Is n prime?
False
Let l = -3338 + 1720. Let u = -675 - l. Let i = u + -200. Is i composite?
False
Let i(y) = -2*y**3 - 21*y**2 - 17*y + 37. Let l be (-243)/12 - 15/20. Is i(l) prime?
False
Let d = -25099 - -44046. Is d a composite number?
False
Suppose 5*l = -5 - 0, -3*a + 5*l = -1658. Is a a prime number?
False
Suppose -101 + 20 = -3*z. Let y = z - 55. Is 514*(y/(-8) + -3) a composite number?
False
Let r(i) = -36*i. Let z be r(1). Is (-67812)/z - (5/3 + -1) a composite number?
True
Is 2230 + -71 - (-1 - 1) prime?
True
Let j = 5728 - -1953. Is j composite?
False
Let s(b) = -b**2 + 49*b + 6947. Is s(0) a prime number?
True
Suppose 2*x - 10 = 0, v + 2*x - 6*x = 818. Is v a composite number?
True
Let k(i) = -26*i - 7. Suppose -3*v - 20 = 5*p - 49, 3 = -3*v + 3*p. Suppose x = v*s + 5, -3*x = s + s + 18. Is k(s) prime?
True
Let d = -5159 - -8996. Is d a composite number?
True
Let w = -8 - 10. Let z = -23 - w. Let d(p) = -3*p**3 - 6*p**2 + 3*p + 7. Is d(z) a composite number?
True
Let i = 168 + -168. Let l be 254/(-5) - (-1)/(-5). Let k = i - l. Is k a prime number?
False
Let s(o) be the third derivative of o**4/2 - 11*o**3/6 - 3*o**2. Is s(10) a composite number?
False
Let n(f) = -f**3 - 8*f**2 + 8*f - 6. Let m be n(-9). Let a(w) = w**2 - 3*w. Let k be a(m). Let j(i) = 3*i + 293. Is j(k) composite?
False
Let j(y) = -286*y**2 + y - 2. Let x(p) = -285*p**2 + 2*p - 3. Let v(d) = -3*j(d) + 2*x(d). Let c be ((-2)/(-10))/(3 + 96/(-30)). Is v(c) composite?
True
Let t(o) = 247*o**2 + 5*o + 29. Is t(6) prime?
True
Suppose -13*q + 24*q = 429. Is q a prime number?
False
Let g(j) = 29*j**2 + 24*j + 6. Is g(-11) a composite number?
False
Let i(d) = -140*d - 63. Let u(f) = -47*f - 21. Let r(w) = 6*i(w) - 17*u(w). Is r(-8) prime?
True
Suppose 0 = -7*g + 9760 + 7831. Is g a prime number?
False
Suppose -5*y = -h + 1091, -2*h = 5*y - 249 - 1948. Suppose -2*r - 2*j = -458, 3*j = -5*r + h + 47. Suppose u = r - 71. Is u a prime number?
True
Let l = 4098 + -2264. Suppose 4*a + l = 6*a. Is a prime?
False
Let i = 5 - -10. Suppose 6*d + 87 = i. Let v(j) = j**3 + 16*j**2 + 14*j - 11. Is v(d) a prime number?
True
Let f(w) = 161*w**3 + 3*w**2 + 10*w - 11. Is f(3) a prime number?
False
Let g(b) = 103*b**3 + 41*b**3 + 109*b**3 + b. Is g(1) prime?
False
Suppose 9*x = 34*x - 2254075. Is x composite?
False
Let s(w) = 4*w**2 - 10*w - 51. Is s(-10) a prime number?
True
Let x be (12 - 2)/(-1 + 3). Suppose x*g - 215 = -5*r, -2*g = g + 4*r - 124. Suppose 2*a = -5*q + g, -5*q - 2 = -2*a + 6. Is a a composite number?
True
Suppose q - 5259 = -3*o, 0*o = q - 2*o - 5234. Suppose -r = 2, 7*r - 3*r = -4*x + q. Is x prime?
False
Let y(i) = -i**2. Let u be y(2). Let l be u/2 + 5 + -11. Is (-1137)/4*l/6 composite?
False
Let h(t) = 4854*t - 19. Is h(6) a prime number?
False
Suppose 9 = c + 5. Suppose 4*p + 2031 = 9*p - c*k, 3*k + 415 = p. Is p prime?
False
Is -49554*(-2)/15 - 2/10 composite?
False
Let u be 24/30 + 1/5. Let v be 2 - 3 - (0 - u). Suppose v*f + 2*f - 110 = 0. Is f a composite number?
True
Suppose -r = -5*u + 14, 2*u - 4*r - 24 = r. Suppose 4 = u*a - 12. Suppose -3*m - 1 = a, 4*m = -5*f + 98. Is f prime?
False
Let y(p) = -92*p - 3. Let u(m) be the third derivative of 23*m**4/12 + m**3/3 - 4*m**2. Let d(l) = 5*u(l) + 3*y(l). Is d(-1) a composite number?
False
Let k(u) = -47*u - 59*u + 3 - 17 + 5. Is k(-5) a prime number?
True
Let n(m) = -4393*m + 428. Is n(-3) a prime number?
False
Let d be 2/3 + (-14)/(-6). Suppose 5*v = -3*c + 2614, -d*v + 6*c = c - 1548. Is v a composite number?
False
Suppose -35*h = -10*h - 1325675. Is h prime?
False
Is (73 - 64) + (-7732)/(-1) a prime number?
True
Suppose 2*w + 0 + 0 = 0. Suppose -5*u + 6*f - f + 3375 = w, -f = -4*u + 2706. Is u a prime number?
True
Let o be (-1351)/(-1) - 6 - (0 - -1). Suppose 3*k - o = -k + 2*p, 4*k - 5*p = 1338. Is k a composite number?
False
Let f(c) = -c**2 - 8*c + 5. Let a be f(-8). Suppose 2*m - 125 = m - 2*o, 664 = a*m - 3*o. Suppose -117 = -4*i + m. Is i a prime number?
False
Let i(y) = -2*y**2 + 16*y + 7. Let z be i(8). Suppose -4*k = z + 1. Let x(f) = 84*f**2 + f - 3. Is x(k) composite?
False
Let w(l) = -l**3 - l**2 - l. Let n(a) = a**3 + a**2 + 5. Let x(m) = -n(m) - 4*w(m). Is x(4) a prime number?
True
Is 184 + 2 - (-2)/(8/20) a composite number?
False
Is (6/(-8) + 0)/((-66)/1277672) composite?
False
Suppose 4*i - 1969 = 3*i. Let h = -1026 + i. Is h a prime number?
False
Suppose 32*j + 60863 = 43*j. Is j a composite number?
True
Suppose 0 = -g + 5*s + 21300, -4*g - 106524 = -9*g + s. Is g a composite number?
True
Suppose w = -0 + 4. Let p be (w/5)/((-2)/(-5)). Suppose u = -y + 42, 0*u + p*y + 54 = u. Is u a prime number?
False
Let i = -122 + 144. Suppose y - h - i = 92, 3*y - 5*h - 340 = 0. Is y prime?
False
Suppose 0 = -9*o + 12*o - 12. Suppose -f + 6349 = i, 0 = -o*f - 3*i - 0*i + 25396. Is f composite?
True
Suppose 5*s - s = -3*q + 10445, s = -5*q + 2624. Is s a prime number?
True
Let t(n) = 560*n**2 + n - 6. Let s be t(-2). Suppose -8*c + s + 736 = 0. Is c a prime number?
False
Let r(l) = 117*l**2 + 2*l - 6. Is r(-4) a composite number?
True
Let m be -1*(-1 + 1)/(-5). Suppose -3*y + 379 = -2*t + 38, -3*y + 5*t + 335 = m. Is y a composite number?
True
Let z(q) = 5 - 12*q - 8*q - 2. Is z(-2) a composite number?
False
Let l be (8/(-10))/(5/25). Let h(i) = -77*i - 6. Is h(l) a composite number?
True
Let d(a) = 3*a - 14. Let l be d(6). Suppose 3*w = l*n - 1342, -5*w + 1695 = 3*n + 2*n. Is n a prime number?
True
Let c(z) = -677*z - 13. Let k be c(-8). Is (k/9)/((-5)/(-15)) a prime number?
True
Suppose -c + 9*g + 24881 = 0, -4*c + 111167 = g + 11569. Is c composite?
True
Is (-6)/8 + (-390)/(-40) - -1 composite?
True
Suppose -822 = -5*d - 3*c, -2*d - 2*c + 333 = -5*c. Let o = d + -143. Is o prime?
False
Let v = 9355 - 6474. Is v a composite number?
True
Let r(l) = l + 10. Suppose -3 = -2*b - 7, -3*n - 16 = -b. Let y be r(n). Suppose y*q = 3*j + 140 + 171, -q - j = -76. Is q a prime number?
False
Is 135064/20 - 11/55 a composite number?
True
Let n(o) = 60*o**2 + 64*o + 1. Is n(15) a prime number?
True
Suppose 0 = -4*a - 4*n + 192, -2*a + 0*a + 5*n = -131. Let r be (-15)/45 + 160/(-6). Let k = a + r. Is k composite?
True
Suppose -458 = -v + 5*g, g + 1847 = 4*v - 4*g. Suppose 99 = 4*k + v. Let z = -24 - k. Is z a composite number?
False
Let a be ((-20)/6)/2*-3. Let h(j) = 22*j**2 - 2*j**3 + 5*j + 1 - 10*j**2 + a*j**3 - 2*j**3. Is h(-7) prime?
True
Let s = 17 + -17. Is (1 - s - 119)*261/(-18) composite?
True
Suppose 5*m = -4*k + 4685, -382*k + 4680 = 5*m - 377*k. Is m a composite number?
False
Let k be (-22605)/(-11)*2/3. Let s = k + -408. Suppose 0 = -b - b + s. Is b prime?
False
Suppose -q = 5*x - 120955, 2*q - 96764 = -4*x + q. Is x composite?
True
Let m = 330 + -796. Let j = 831 + m. Is j composite?
True
Let h = -4184 + 10165. Is h a composite number?
False
Let i(f) = -6*f**2 + 19*f**2 - 15*f + 12*f + 1. Let q = 16 - 14. Is i(q) a composite number?
False
Is (4/(-6))/(-4 + (-18490)/(-4623)) prime?
False
Suppose -2*h = -u - 6*h + 34, -2*u = -3*h - 57. Suppose 0 = z + 4*z + u. Is (-80)/12*9/z prime?
False
Let m(a) = -2*a - 6*a**3 - 117*a**3 - 10*a**2 + 7*a**2. Is m(-1) composite?
True
Let r(k) = -63*k**3 + 7*k**2 - 11*k - 5. Is r(-6) prime?
True
Suppose 286*g - 290*g + u + 205918 = 0, g - 3*u - 51485 = 0. Is g composite?
False
Let m(z) be the third derivative of z**5/60 - 9*z**4/8 + z**3/6 - 9*z**2. Let c be m(14). Is 3 - 12/4 - c a composite number?
False
Let q = -46 + 32. Let w = 38 - q. Suppose -5*x + w = c, 5*x - 29 = -5*c + 31. Is x prime?
False
Suppose 3*s = 2*k + 9, k - 5*s = -10*s + 2. Let o(n) = -2*n - 7. Let f be o(-5). Is 161/(-1*k/f) composite?
True
Let z = -865 + 1238. Is z prime?
True
Is (-5 + (-8984)/3)*-3 composite?
False
Let f = 3 + 38. Suppose -18 = -s + f. Let y = s - 33. Is y a composite number?
True
Suppose 0*b + 716 = -b + 2*f, 3*f = 9. Let y = 1121 + b. Is y composite?
True
Is (10/(240/235002))/((-1)/(-4)) prime?
False
Suppose 0*m + 2*m = -38. Let d = m + -7. Is -2 + 2/(-4)*d prime?
True
Let b = 50 + 